emainder when h(11) is divided by p.
11
Let b be ((-18)/7)/(30/(-140)). Let h be 1996/b - 4/3. Suppose h = 4*l - 127. Calculate the remainder when l is divided by 19.
16
Let g = 543 - 179. Calculate the remainder when g is divided by 62.
54
Let y = 119 + -226. Let b = y - -148. What is the remainder when b is divided by 9?
5
Let m(a) = a**2 - 5*a - 14. What is the remainder when m(12) is divided by 21?
7
Let y(s) = s - 11. Let v be y(5). Let f be -3 + 2 + v - 3. Let p = 31 + f. What is the remainder when 40 is divided by p?
19
Let k(q) = -q**3 + 15*q**2 - 14*q. Let d be k(14). Let z be (-352 - 11) + d/(-1). Let n = -249 - z. Calculate the remainder when n is divided by 29.
27
Suppose -2*q - 8*q + 130 = 0. Suppose -5*y = -q*y + 152. What is the remainder when 111 is divided by y?
16
Suppose 4*i - 214 = -2*s, -31*s + 26*s + 3*i + 561 = 0. Calculate the remainder when 231 is divided by s.
9
Let x = 483 - 457. Suppose -a = 3*a - 56. What is the remainder when x is divided by a?
12
Calculate the remainder when 271 is divided by ((-17)/3)/((-12)/72).
33
Let f(t) = 12*t**2 - 2*t + 1. Calculate the remainder when f(2) is divided by (-4)/(-66) - 2296/(-231).
5
Let y(p) = 2*p**2 + 22 + 16 - 13*p - 29. Calculate the remainder when y(9) is divided by 19.
16
Suppose 0 = -6*f + 67 + 59. Calculate the remainder when 40 is divided by f.
19
Let m = 6 - 3. Let r(t) = -11*t - 1 + 4 + m - 2 + t**2. Calculate the remainder when r(14) is divided by 12.
10
Suppose -5*d - 2*d = -693. Suppose d = 2*s + s. Let o = 10 - -7. What is the remainder when s is divided by o?
16
Suppose -2*l - x = -11, -l - 4*x = -0*x - 9. Let t = -6 + l. What is the remainder when -38*((-1)/2 + t) is divided by 20?
17
Let n(i) be the third derivative of i**6/120 + 7*i**5/60 + 5*i**4/24 + 5*i**3/6 - 10*i**2. What is the remainder when 19 is divided by n(-2)?
4
Suppose 16*k = 805 + 155. Calculate the remainder when 93 is divided by k.
33
Suppose -u + 4*w = -2*u - 3, -u + 3*w + 11 = 0. Suppose y - u*q + 29 = 5*y, y - 5 = q. What is the remainder when 62 is divided by y?
2
Suppose -d - 2*i + 0*i - 23 = 0, -3*i + 39 = -2*d. Let v = -7 - d. Calculate the remainder when 69 is divided by v.
13
Suppose -5 = 5*w - 30. Suppose 3*s - w*f = 45, -3*f - 71 = -3*s - 20. Calculate the remainder when 34 is divided by s.
14
Let i be 220/40*((0 - -52) + 0). Suppose -v + i = 12*v. Calculate the remainder when 41 is divided by v.
19
Let d(b) = 2*b + 36. Let l be d(-15). Suppose 0 = -3*w + 2*h + 4, -2*w + 2*h - l*h = -24. Calculate the remainder when 22 is divided by w.
2
Suppose -9 = -3*l + 3*p, 16*p = 20*p - 8. Calculate the remainder when 1044 is divided by l.
4
Let l = -5 + 7. Suppose -6*h + h - 230 = 3*q, -l*h - q - 92 = 0. What is the remainder when h/(-6) - (-4)/(-6) is divided by 5?
2
Let p(d) = -20*d + 4*d**2 + 11 + 5*d - 5*d**2. What is the remainder when 20 is divided by p(-15)?
9
Let b(x) = x - 11. Let a be b(9). Let l be -2 - (2 + -4 + a). Suppose -4*u = 5*o - 45, l*u + o + o = 20. What is the remainder when 13 is divided by u?
3
Let i(y) = -12*y - 5. Let w be i(-4). Let d = w + -29. Suppose 4*k - 20 = -0. Calculate the remainder when d is divided by k.
4
Let h = 108 + -35. Suppose 4*o - 156 = -4. What is the remainder when h is divided by o?
35
Suppose q + 0*q - 11 = 0. Suppose 3*d = -o + 74, -4*o = -5*d + q - 307. Let r = -28 + 53. What is the remainder when o is divided by r?
24
Let n(y) = -y**3 - 5*y**2 - 8*y - 2. Let l be n(-8). Suppose 645 = 5*r + s - 6*s, 0 = 2*r - 4*s - l. Calculate the remainder when r is divided by 19.
17
Let l(t) = 12*t**2 - 34*t - 36. Calculate the remainder when 765 is divided by l(-1).
5
Let d = 352 + -287. What is the remainder when 388 is divided by d?
63
Let q(f) = -f**3 - 7*f**2 + 7*f - 4. Let s be q(-8). What is the remainder when 38 is divided by ((-20)/2)/(3 - s)?
8
Let r(h) = 10*h + 53. Let i be r(-5). Suppose 7*t - 6*t - 5*o = 47, 0 = 5*t - i*o - 147. Calculate the remainder when 51 is divided by t.
24
Let c = 5 - 3. Suppose d + 2*w = 19, 0 = -2*d - c*d + w + 31. Suppose -d = 3*p, 4*v - 20 = -4*p + 24. Calculate the remainder when v is divided by 4.
2
Suppose 8 = 3*s + s. Suppose -s*o + 5*w = 17, w + 32 = 3*o + 5*w. What is the remainder when 21 is divided by o?
1
Let w(o) = 3*o**3 + 45*o**2 - 12*o - 30. Calculate the remainder when w(-15) is divided by 43.
21
Suppose -4*s - 88 = -4*h, -3*s + 38 = 16*h - 15*h. Calculate the remainder when 75 is divided by h.
23
Suppose -10*f - 19 + 59 = 0. Calculate the remainder when 33 is divided by f.
1
Suppose -5*z + 137 = 2*u, 5*u + 25*z - 302 = 26*z. Calculate the remainder when u is divided by 22.
17
Suppose -q - 3 + 13 = 3*i, 5*q - 3*i = 32. Let b = -18 - -56. Suppose 5*n = x - 28, 2*x + b = 4*x - 4*n. Calculate the remainder when x is divided by q.
6
Calculate the remainder when 3 - 267*2/(-6) is divided by 87.
5
Suppose 5*b = -h - h + 42, -h - 3*b + 22 = 0. Let i(o) = 8*o**2 + o. Let q be i(1). What is the remainder when h is divided by q*(1 - (-2 - -2))?
7
Let t(p) = -p**2 - 11*p + 1. Let z(u) = u + 60. What is the remainder when z(13) is divided by t(-8)?
23
Let w(y) = -y**2 - 18*y + 3. What is the remainder when 166 is divided by w(-16)?
26
Let x(n) = 25*n**2 + 148*n. Calculate the remainder when 17 is divided by x(-6).
5
Suppose 0 = 612*v - 607*v - 175. What is the remainder when 1152 is divided by v?
32
Let h(i) = -2*i**3 + 11*i**2 + 9*i - 14. Let a(z) = z**3. Let y(o) = -3*a(o) - h(o). Suppose -42 - 8 = 5*t. Calculate the remainder when 12 is divided by y(t).
0
Let p = -114 + 39. What is the remainder when 17 is divided by (4/(-5))/(6/p)?
7
Calculate the remainder when (0 + 6)*26/6 is divided by (90/5 - 2) + 2/(-2).
11
Let z(t) = 2*t**3 - 5*t**2 + 3*t + 2. Let w be z(2). Suppose -a = g - 31, -g + w*a - 22 = -2*g. What is the remainder when 65 is divided by g?
31
Suppose g - 290 = -5*i, -5*g = 2*i + i - 196. Let t = 28 - 11. Suppose t*v + 60 = 20*v. What is the remainder when i is divided by v?
17
Suppose 0 = 5*y + 2*f + 69 - 327, -4*f = 2*y - 100. Let k(t) = -4*t + 7. Let n be k(-5). Suppose -d = -0 - n. What is the remainder when y is divided by d?
25
Let m = 296 + -263. What is the remainder when 296 is divided by m?
32
Let g(t) = t**3 - 10*t**2 - t + 10. Let y be g(10). What is the remainder when 117 is divided by (y - 4)/2 + 32?
27
Suppose 2*n - 6 = 18. Let y(c) = c**3 - 12*c**2 + 13. Calculate the remainder when 38 is divided by y(n).
12
Let m(p) = p**2 - 9*p + 50. Calculate the remainder when m(25) is divided by 41.
40
Let a(m) = 2*m**3 - 8*m**2 + 9*m - 9. Let f be a(6). Suppose -r = 2*u - 66, 0*r - 3*r + 3*u + f = 0. What is the remainder when r is divided by 22?
20
Let w = -1681 - -2369. What is the remainder when w is divided by 30?
28
Suppose z + 6 = -3*l + 2, 5*l = -2*z - 4. Suppose 16 = c - 32. Let t = c + -45. Calculate the remainder when z is divided by t.
2
Let x = 244 + -248. Let w(c) be the third derivative of c**6/120 + c**5/12 + c**4/24 - c**3/6 - c**2. Calculate the remainder when 20 is divided by w(x).
9
Let s(z) = -z**2 + 5*z - 2. Let d be s(3). Let q be (16/12)/(d/24). Suppose x - q = 4. Calculate the remainder when 33 is divided by x.
9
Let o(c) = c**3 - 7*c**2 + 5. Let j be o(7). Suppose k + j*v - 38 = 0, 4*k - 3*v - 30 = 7. Let t = 95 + -91. What is the remainder when k is divided by t?
1
Suppose 6*u - 5*u = 5. Let w(x) = 16*x - 2*x**2 - 11*x + 20*x + 29 + 3*x. What is the remainder when w(14) is divided by u?
4
Let s(r) = -6*r - 2. Suppose -4*x = -73 - 59. Suppose -3*j + 57 = -m, -x = 4*j - 5*j + 5*m. Calculate the remainder when j is divided by s(-2).
8
Suppose 3*o - 89 = -2*z, -4*z = -3*o - 87 - 136. What is the remainder when 206 is divided by z?
50
Suppose -3*m - 21 + 99 = -3*f, 3*m = -3*f + 72. Suppose 2*g + g - 3 = 2*q, 15 = 4*g + q. Calculate the remainder when m is divided by g.
1
Let y be (-2 + -1*12)/((-4)/6). Let f = -15 + y. Calculate the remainder when f is divided by 3.
0
Suppose -17 = -3*o + 5*w, 0 = -4*w + 20. Let x(b) = o*b - 21 + 9 + 0*b. Calculate the remainder when x(5) is divided by 12.
10
Suppose 2*g = 9 + 1. Suppose -g*d = f - 69, f - 3*d = -0*f + 109. Let c = f + -47. What is the remainder when c is divided by 12?
11
Suppose 276 = 2*k - 166. Suppose -5*n = g 